{"id":1352,"date":"2015-06-12T12:57:28","date_gmt":"2015-06-12T12:57:28","guid":{"rendered":"http:\/\/www.umsocorpo.com.br\/site\/historia-dos-hebreus\/?page_id=1348"},"modified":"2018-08-14T00:00:42","modified_gmt":"2018-08-14T03:00:42","slug":"relato-de-filon","status":"publish","type":"page","link":"https:\/\/umsocorpo.com.br\/historia-dos-hebreus\/relato-de-filon\/","title":{"rendered":"Relato de F\u00edlon"},"content":{"rendered":"<ul>\n<li><a href=\"http:\/\/www.umsocorpo.com.br\/historia-dos-hebreus\/prefacio-de-filon\/\">Pref\u00e1cio de F\u00edlon<\/a><\/li>\n<li><a href=\"http:\/\/www.umsocorpo.com.br\/historia-dos-hebreus\/parte\/relato-de-filon\/livro-unico-relato-de-filon\/\">Livro \u00danico<\/a><\/li>\n<\/ul>\n","protected":false},"excerpt":{"rendered":"<p>Pref\u00e1cio de F\u00edlon Livro \u00danico<\/p>\n","protected":false},"author":1,"featured_media":0,"parent":0,"menu_order":0,"comment_status":"closed","ping_status":"open","template":"","meta":{"footnotes":""},"class_list":["post-1352","page","type-page","status-publish","hentry"],"_links":{"self":[{"href":"https:\/\/umsocorpo.com.br\/historia-dos-hebreus\/wp-json\/wp\/v2\/pages\/1352","targetHints":{"allow":["GET"]}}],"collection":[{"href":"https:\/\/umsocorpo.com.br\/historia-dos-hebreus\/wp-json\/wp\/v2\/pages"}],"about":[{"href":"https:\/\/umsocorpo.com.br\/historia-dos-hebreus\/wp-json\/wp\/v2\/types\/page"}],"author":[{"embeddable":true,"href":"https:\/\/umsocorpo.com.br\/historia-dos-hebreus\/wp-json\/wp\/v2\/users\/1"}],"replies":[{"embeddable":true,"href":"https:\/\/umsocorpo.com.br\/historia-dos-hebreus\/wp-json\/wp\/v2\/comments?post=1352"}],"version-history":[{"count":0,"href":"https:\/\/umsocorpo.com.br\/historia-dos-hebreus\/wp-json\/wp\/v2\/pages\/1352\/revisions"}],"wp:attachment":[{"href":"https:\/\/umsocorpo.com.br\/historia-dos-hebreus\/wp-json\/wp\/v2\/media?parent=1352"}],"curies":[{"name":"wp","href":"https:\/\/api.w.org\/{rel}","templated":true}]}}

Relato de Fílon

<ul>
<li><a href="http://www.umsocorpo.com.br/historia-dos-hebreus/prefacio-de-filon/">Prefácio de Fílon</a></li>
<li><a href="http://www.umsocorpo.com.br/historia-dos-hebreus/parte/relato-de-filon/livro-unico-relato-de-filon/">Livro Único</a></li>
</ul>

<p>Prefácio de Fílon Livro Único</p>
