{"id":1340,"date":"2015-06-12T12:51:56","date_gmt":"2015-06-12T12:51:56","guid":{"rendered":"http:\/\/www.umsocorpo.com.br\/site\/historia-dos-hebreus\/?page_id=1340"},"modified":"2018-08-14T00:00:34","modified_gmt":"2018-08-14T03:00:34","slug":"ii-parte-guerra-dos-judeus-contra-os-romanos","status":"publish","type":"page","link":"https:\/\/umsocorpo.com.br\/historia-dos-hebreus\/ii-parte-guerra-dos-judeus-contra-os-romanos\/","title":{"rendered":"II Parte \u2013 Guerra dos Judeus Contra os Romanos"},"content":{"rendered":"<ul>\n<li><a href=\"http:\/\/www.umsocorpo.com.br\/historia-dos-hebreus\/advertencia\/\">Advert\u00eancia<\/a><\/li>\n<li><a href=\"http:\/\/www.umsocorpo.com.br\/historia-dos-hebreus\/vida-de-flavio-josefo-escrita-por-ele-mesmo\/\">Vida de Fl\u00e1vio Josefo Escrita por Ele mesmo<\/a><\/li>\n<li><a href=\"http:\/\/www.umsocorpo.com.br\/historia-dos-hebreus\/prefacio-de-josefo-2\/\">Pref\u00e1cio de Josefo<\/a><\/li>\n<li><a href=\"http:\/\/www.umsocorpo.com.br\/historia-dos-hebreus\/parte\/ii-parte-guerra-dos-judeus-contra-os-romanos\/livro-primeiro-ii-parte-guerra-dos-judeus-contra-os-romanos\/\">Livro Primeiro<\/a><\/li>\n<li><a href=\"http:\/\/www.umsocorpo.com.br\/historia-dos-hebreus\/parte\/ii-parte-guerra-dos-judeus-contra-os-romanos\/livro-segundo-ii-parte-guerra-dos-judeus-contra-os-romanos\/\">Livro Segundo<\/a><\/li>\n<li><a href=\"http:\/\/www.umsocorpo.com.br\/historia-dos-hebreus\/parte\/ii-parte-guerra-dos-judeus-contra-os-romanos\/livro-terceiro-ii-parte-guerra-dos-judeus-contra-os-romanos\/\">Livro Terceiro<\/a><\/li>\n<li><a href=\"http:\/\/www.umsocorpo.com.br\/historia-dos-hebreus\/parte\/ii-parte-guerra-dos-judeus-contra-os-romanos\/livro-quarto-ii-parte-guerra-dos-judeus-contra-os-romanos\/\">Livro Quarto<\/a><\/li>\n<li><a href=\"http:\/\/www.umsocorpo.com.br\/historia-dos-hebreus\/parte\/ii-parte-guerra-dos-judeus-contra-os-romanos\/livro-quinto-ii-parte-guerra-dos-judeus-contra-os-romanos\/\">Livro Quinto<\/a><\/li>\n<li><a href=\"http:\/\/www.umsocorpo.com.br\/historia-dos-hebreus\/parte\/ii-parte-guerra-dos-judeus-contra-os-romanos\/livro-sexto-ii-parte-guerra-dos-judeus-contra-os-romanos\/\">Livro Sexto<\/a><\/li>\n<li><a href=\"http:\/\/www.umsocorpo.com.br\/historia-dos-hebreus\/parte\/ii-parte-guerra-dos-judeus-contra-os-romanos\/livro-setimo-ii-parte-guerra-dos-judeus-contra-os-romanos\/\">Livro S\u00e9timo<\/a><\/li>\n<\/ul>\n","protected":false},"excerpt":{"rendered":"<p>Advert\u00eancia Vida de Fl\u00e1vio Josefo Escrita por Ele mesmo Pref\u00e1cio de Josefo Livro Primeiro Livro Segundo Livro Terceiro Livro Quarto Livro Quinto Livro Sexto Livro S\u00e9timo<\/p>\n","protected":false},"author":1,"featured_media":0,"parent":0,"menu_order":0,"comment_status":"closed","ping_status":"open","template":"","meta":{"footnotes":""},"class_list":["post-1340","page","type-page","status-publish","hentry"],"_links":{"self":[{"href":"https:\/\/umsocorpo.com.br\/historia-dos-hebreus\/wp-json\/wp\/v2\/pages\/1340","targetHints":{"allow":["GET"]}}],"collection":[{"href":"https:\/\/umsocorpo.com.br\/historia-dos-hebreus\/wp-json\/wp\/v2\/pages"}],"about":[{"href":"https:\/\/umsocorpo.com.br\/historia-dos-hebreus\/wp-json\/wp\/v2\/types\/page"}],"author":[{"embeddable":true,"href":"https:\/\/umsocorpo.com.br\/historia-dos-hebreus\/wp-json\/wp\/v2\/users\/1"}],"replies":[{"embeddable":true,"href":"https:\/\/umsocorpo.com.br\/historia-dos-hebreus\/wp-json\/wp\/v2\/comments?post=1340"}],"version-history":[{"count":0,"href":"https:\/\/umsocorpo.com.br\/historia-dos-hebreus\/wp-json\/wp\/v2\/pages\/1340\/revisions"}],"wp:attachment":[{"href":"https:\/\/umsocorpo.com.br\/historia-dos-hebreus\/wp-json\/wp\/v2\/media?parent=1340"}],"curies":[{"name":"wp","href":"https:\/\/api.w.org\/{rel}","templated":true}]}}

<ul>
<li><a href="http://www.umsocorpo.com.br/historia-dos-hebreus/advertencia/">Advertência</a></li>
<li><a href="http://www.umsocorpo.com.br/historia-dos-hebreus/vida-de-flavio-josefo-escrita-por-ele-mesmo/">Vida de Flávio Josefo Escrita por Ele mesmo</a></li>
<li><a href="http://www.umsocorpo.com.br/historia-dos-hebreus/prefacio-de-josefo-2/">Prefácio de Josefo</a></li>
<li><a href="http://www.umsocorpo.com.br/historia-dos-hebreus/parte/ii-parte-guerra-dos-judeus-contra-os-romanos/livro-primeiro-ii-parte-guerra-dos-judeus-contra-os-romanos/">Livro Primeiro</a></li>
<li><a href="http://www.umsocorpo.com.br/historia-dos-hebreus/parte/ii-parte-guerra-dos-judeus-contra-os-romanos/livro-segundo-ii-parte-guerra-dos-judeus-contra-os-romanos/">Livro Segundo</a></li>
<li><a href="http://www.umsocorpo.com.br/historia-dos-hebreus/parte/ii-parte-guerra-dos-judeus-contra-os-romanos/livro-terceiro-ii-parte-guerra-dos-judeus-contra-os-romanos/">Livro Terceiro</a></li>
<li><a href="http://www.umsocorpo.com.br/historia-dos-hebreus/parte/ii-parte-guerra-dos-judeus-contra-os-romanos/livro-quarto-ii-parte-guerra-dos-judeus-contra-os-romanos/">Livro Quarto</a></li>
<li><a href="http://www.umsocorpo.com.br/historia-dos-hebreus/parte/ii-parte-guerra-dos-judeus-contra-os-romanos/livro-quinto-ii-parte-guerra-dos-judeus-contra-os-romanos/">Livro Quinto</a></li>
<li><a href="http://www.umsocorpo.com.br/historia-dos-hebreus/parte/ii-parte-guerra-dos-judeus-contra-os-romanos/livro-sexto-ii-parte-guerra-dos-judeus-contra-os-romanos/">Livro Sexto</a></li>
<li><a href="http://www.umsocorpo.com.br/historia-dos-hebreus/parte/ii-parte-guerra-dos-judeus-contra-os-romanos/livro-setimo-ii-parte-guerra-dos-judeus-contra-os-romanos/">Livro Sétimo</a></li>
</ul>

<p>Advertência Vida de Flávio Josefo Escrita por Ele mesmo Prefácio de Josefo Livro Primeiro Livro Segundo Livro Terceiro Livro Quarto Livro Quinto Livro Sexto Livro Sétimo</p>
